{"id":28,"date":"2021-10-22T14:13:53","date_gmt":"2021-10-22T14:13:53","guid":{"rendered":"https:\/\/stoos.fakir.ch\/?page_id=28"},"modified":"2023-02-11T06:18:39","modified_gmt":"2023-02-11T06:18:39","slug":"feuershow-im-schnee","status":"publish","type":"page","link":"https:\/\/stoos.fakir.ch\/","title":{"rendered":"Rodani`s Feuershow"},"content":{"rendered":"<p><img loading=\"lazy\" decoding=\"async\" class=\"alignnone wp-image-126 size-full\" src=\"https:\/\/stoos.fakir.ch\/wp-content\/uploads\/2021\/12\/StoosStart.jpg\" alt=\"\" width=\"638\" height=\"844\" srcset=\"https:\/\/stoos.fakir.ch\/wp-content\/uploads\/2021\/12\/StoosStart.jpg 638w, https:\/\/stoos.fakir.ch\/wp-content\/uploads\/2021\/12\/StoosStart-227x300.jpg 227w, https:\/\/stoos.fakir.ch\/wp-content\/uploads\/2021\/12\/StoosStart-113x150.jpg 113w\" sizes=\"auto, (max-width: 638px) 100vw, 638px\" \/><\/p>\n<p><span style=\"font-family: arial, helvetica, sans-serif; font-size: 12pt;\"><span style=\"color: #993300;\"><strong>Gruppenerlebnisse Stoos 2021\/22<\/strong><\/span> <a href=\"https:\/\/stoos.fakir.ch\/wp-content\/uploads\/2021\/12\/Gruppenbroschuere_2021_22.pdf\" target=\"_blank\" rel=\"noopener\">Flyer zum Downloaden<\/a><\/span><\/p>\n<p><strong><span style=\"font-family: arial, helvetica, sans-serif; font-size: 12pt; color: #993300;\">Dank <\/span><\/strong><span style=\"font-family: arial, helvetica, sans-serif; font-size: 12pt; color: #993300;\"><span style=\"color: #333333;\">meiner mehr als \u00fcber 40-j\u00e4hrigen Erfahrung mit dem Element Feuer und meinen vielen Auftritten im In- und Ausland, garantiert Rodani seri\u00f6se und ungef\u00e4hrliche Unterhaltung f\u00fcr das Publikum.<\/span><\/span><\/p>\n<p><img loading=\"lazy\" decoding=\"async\" class=\"alignnone wp-image-125 size-full\" src=\"https:\/\/stoos.fakir.ch\/wp-content\/uploads\/2021\/12\/Feuershow2.jpg\" alt=\"\" width=\"905\" height=\"721\" srcset=\"https:\/\/stoos.fakir.ch\/wp-content\/uploads\/2021\/12\/Feuershow2.jpg 905w, https:\/\/stoos.fakir.ch\/wp-content\/uploads\/2021\/12\/Feuershow2-300x239.jpg 300w, https:\/\/stoos.fakir.ch\/wp-content\/uploads\/2021\/12\/Feuershow2-150x120.jpg 150w, https:\/\/stoos.fakir.ch\/wp-content\/uploads\/2021\/12\/Feuershow2-768x612.jpg 768w, https:\/\/stoos.fakir.ch\/wp-content\/uploads\/2021\/12\/Feuershow2-377x300.jpg 377w\" sizes=\"auto, (max-width: 905px) 100vw, 905px\" \/><span style=\"color: #993300; font-size: 12pt;\"><strong>Kultige Feuershow<\/strong><\/span><br \/>\n<span style=\"font-size: 12pt;\">Feuer ist ein typisches Naturelement, welches in das Ausflugs-Programm zu vielen Elementen hervorragend dazu passt, insbesondere in den Bergen.<br \/>\nAls mystischen H\u00f6hepunkt oder kr\u00f6nenden Abschluss bietet die atemberaubende Feuershow von Rodani aus Illgau, spektakul\u00e4re Momente mit diesem packenden Naturschauspiel. Diese Feuershow kann sowohl im Sommer wie auch im Winter gebucht werden. Naturgem\u00e4ss kommt sie in dunkler Atmosph\u00e4re besser zur Geltung, daher empfehlen wir dies in den Abendstunden zu planen.<\/span><\/p>\n<p>Dauer: ca. 14 Min.<br \/>\nPreis:\u00a0 \u00a0nach Anfrage<\/p>\n","protected":false},"excerpt":{"rendered":"<p>Gruppenerlebnisse Stoos 2021\/22 Flyer zum Downloaden Dank meiner mehr als \u00fcber 40-j\u00e4hrigen Erfahrung mit dem Element Feuer und meinen vielen Auftritten im In- und Ausland, garantiert Rodani seri\u00f6se und ungef\u00e4hrliche Unterhaltung f\u00fcr das Publikum. Kultige Feuershow Feuer ist ein typisches &hellip; <a href=\"https:\/\/stoos.fakir.ch\/\">Weiterlesen <span class=\"meta-nav\">&rarr;<\/span><\/a><\/p>\n","protected":false},"author":1,"featured_media":0,"parent":0,"menu_order":0,"comment_status":"closed","ping_status":"closed","template":"","meta":{"footnotes":""},"class_list":["post-28","page","type-page","status-publish","hentry"],"_links":{"self":[{"href":"https:\/\/stoos.fakir.ch\/index.php?rest_route=\/wp\/v2\/pages\/28","targetHints":{"allow":["GET"]}}],"collection":[{"href":"https:\/\/stoos.fakir.ch\/index.php?rest_route=\/wp\/v2\/pages"}],"about":[{"href":"https:\/\/stoos.fakir.ch\/index.php?rest_route=\/wp\/v2\/types\/page"}],"author":[{"embeddable":true,"href":"https:\/\/stoos.fakir.ch\/index.php?rest_route=\/wp\/v2\/users\/1"}],"replies":[{"embeddable":true,"href":"https:\/\/stoos.fakir.ch\/index.php?rest_route=%2Fwp%2Fv2%2Fcomments&post=28"}],"version-history":[{"count":34,"href":"https:\/\/stoos.fakir.ch\/index.php?rest_route=\/wp\/v2\/pages\/28\/revisions"}],"predecessor-version":[{"id":215,"href":"https:\/\/stoos.fakir.ch\/index.php?rest_route=\/wp\/v2\/pages\/28\/revisions\/215"}],"wp:attachment":[{"href":"https:\/\/stoos.fakir.ch\/index.php?rest_route=%2Fwp%2Fv2%2Fmedia&parent=28"}],"curies":[{"name":"wp","href":"https:\/\/api.w.org\/{rel}","templated":true}]}}